 j(0)?
5
Suppose 0 = -2*y + 4*y - 650. Suppose -6*z = -z - y. Suppose 4*o - 40 = -5*u, 5*u = -0*u + o + z. What is the remainder when 23 is divided by u?
11
Suppose -52 = -5*t + 3*v, 2*v - 1 = -3*t + 15. Calculate the remainder when 77 is divided by t.
5
Let s(t) = -t**3 - 5*t**2 + 5. Let h be s(-4). Let f = h + 44. What is the remainder when f is divided by 12?
9
Suppose 5*d = -3*w + 63, -4*d + 2*w + 53 = -d. Let s = d - -3. What is the remainder when 34 is divided by s?
16
Suppose 3*n - 5 = 1. Suppose 130 = -0*g + 3*g - 2*d, -146 = -3*g - n*d. Let u = g - 23. Calculate the remainder when u is divided by 12.
11
Let p(l) = 11*l**2 - 1. Suppose 0 = r + 10 - 9. Calculate the remainder when 18 is divided by p(r).
8
Let b be (-3)/(-12)*(-1 - -13). Suppose b*w + 10 = 58. Calculate the remainder when w is divided by 6.
4
Suppose 2*c + 3*c - p = 86, -52 = -3*c + p. Suppose -2*u + 95 = -405. Suppose 0 = 6*a - a - u. What is the remainder when a is divided by c?
16
Let d = -21 - -26. Suppose 0*y - 5*y + 65 = 0. What is the remainder when y is divided by d?
3
Let s = 0 + 2. Suppose a + 10 = -3*h, 0*h - 8 = s*h. Suppose a*m - 42 = 4*p + 26, 0 = 5*m + 2*p - 158. What is the remainder when m is divided by 11?
10
Suppose -4*i + 240 = 48. What is the remainder when i is divided by 26?
22
Let v be (-1)/(3/(-6)*2). Calculate the remainder when 7 is divided by -1*v/((-1)/3).
1
Calculate the remainder when (-2)/1 + (-65)/(-5) is divided by 3.
2
Let l be 2/11 - 2/11. Let g = l + 2. Calculate the remainder when g is divided by 1.
0
Let a(h) = -5*h + 3. Let m = -10 + 7. Let s(d) = -d**3 - 4*d - 2. Calculate the remainder when s(m) is divided by a(-2).
11
Suppose -2*t = g - 9, g = 2*g - 3. Suppose t*i - 6*i = -81. What is the remainder when i is divided by 7?
6
Let z(h) = h**3 - 6*h**2 - 7*h + 8. Suppose -14 = -3*i + i. Let l be z(i). Let s(d) = d**2 - 5*d + 11. What is the remainder when s(l) is divided by 12?
11
Suppose -13 = -0*z + z. Let s = z + 21. What is the remainder when s is divided by 5?
3
Suppose -t = -6*t + 60. Calculate the remainder when 20 is divided by t.
8
Let q = 7 - -4. What is the remainder when (-2)/7 - 447/(-21) is divided by q?
10
Let x(g) = -g + 4. Let c be (1 + -1)*(0 + 1). Calculate the remainder when x(c) is divided by 5/10 + (-6)/(-4).
0
Suppose -2*l + 193 = 47. What is the remainder when l is divided by 15?
13
Suppose -49 = -3*g - 1. Let b = g + -10. Calculate the remainder when b is divided by 3.
0
Let w(d) = d**3 - 3*d**2 - 3*d - 4. Let t be w(4). Let n(p) = -p + 3. Calculate the remainder when n(t) is divided by 39*3/63 - 3/(-21).
1
Let q = -7 - -69. Calculate the remainder when q is divided by 16.
14
Let o be (-2)/(-3) + (-276)/(-18). Suppose 0 = n - 12 - o. Calculate the remainder when n is divided by 15.
13
Let m(s) = s + 25. Calculate the remainder when 23 is divided by m(-13).
11
Let y(w) = w**2 + 6*w - 3. Let r be (6 - 3)/((-3)/8). What is the remainder when y(r) is divided by (-357)/(-49) + (-4)/14?
6
Let w(k) = -k + 2. Let g(v) = v - 3. Let y(m) = -5*g(m) - 4*w(m). What is the remainder when 37 is divided by y(-3)?
7
Suppose -5*c + 69 = -5*w + 4, w = 2*c - 23. Let k(j) = -5*j + 3. What is the remainder when k(-7) is divided by c?
8
Let k(w) = -w**3 + 4*w**2 + 2*w - 2. Let o = 20 + -12. Suppose 3*i = -o + 20. What is the remainder when k(2) is divided by i?
2
Let y = 64 - 20. What is the remainder when y is divided by 12?
8
Suppose 0 = p - 4*k + 28, 3*p - 3*k + 86 = -p. Let c = p - -30. What is the remainder when c is divided by 304/(-57)*6/(-8)?
2
Let i(q) = q**3 + 8*q**2 + 6*q + 3. Calculate the remainder when 17 is divided by i(-7).
7
Suppose -32*k + 8 = -30*k. Calculate the remainder when 14 is divided by k.
2
Suppose 5*m = 5*r + 115, 0*m + 5*r = 4*m - 94. Calculate the remainder when m is divided by 6.
3
Suppose w - 8 = -w. What is the remainder when w is divided by 3?
1
Suppose 0 = -b + 4*k + 34, -b - 4*b = 2*k - 170. Calculate the remainder when 1/4 - (-535)/4 is divided by b.
32
Let y = 36 + -13. Calculate the remainder when y is divided by 13.
10
Suppose 5*y - w = 3*w + 2, 3*w - 10 = -2*y. Suppose f + f - y = 0. Let n(u) = 37*u**2 + u - 1. What is the remainder when n(f) is divided by 19?
18
Suppose 6*f - 212 = 2*f. What is the remainder when f is divided by 6?
5
Suppose -5*o + 21 = l, 5 = 5*l + o - 4. Let s(v) = 7*v**2 + 1. Calculate the remainder when 31 is divided by s(l).
7
Suppose 0 = -0*n + 5*n - 20. Suppose 2*l - n*l = -324. What is the remainder when 6/(-15) + l/5 is divided by 11?
10
Let v be (2/3)/(3/(-45)). Let p = -7 - v. Calculate the remainder when p is divided by 2.
1
Let j(a) = -a**2 - 11*a - 1. Calculate the remainder when 80 is divided by j(-7).
26
Suppose 3*o = -4*u - 7, -15 = -8*o + 3*o. Let r = 8 - u. What is the remainder when 34 is divided by r?
10
What is the remainder when (6/(-9))/((-4)/246) is divided by 11?
8
Suppose -2*u - 2 + 6 = 0. Suppose u*d + 3*d - 80 = 0. Calculate the remainder when -93*(4/(-3))/4 is divided by d.
15
Let d(f) be the third derivative of -f**5/60 - 11*f**4/24 - f**3/6 + 4*f**2. What is the remainder when 25 is divided by d(-10)?
7
Calculate the remainder when 5 + 14 + (-2 - -1) is divided by (3 - -1)*(-10)/(-4).
8
Suppose 6*y - y - 112 = -3*a, 3*y = -2*a + 67. Calculate the remainder when y is divided by 8.
7
Let x(y) = -y + 1. Let w be x(3). Let r = w - -2. Suppose r*i - 8 = 2*i - 4*h, -5*i = -2*h - 12. Calculate the remainder when 7 is divided by i.
3
Let b = -26 + 51. Let x = 149 - 51. What is the remainder when x is divided by b?
23
Suppose 5*q = 7 - 2. Suppose 3*n - 324 = -3*n. What is the remainder when n is divided by q/(-1) + 17 + -2?
12
Let r(a) = a - 2. Let m = -12 + 16. Calculate the remainder when r(m) is divided by 1.
0
Suppose -m - 211 = -6*m - r, 2*m - 80 = 4*r. Calculate the remainder when m is divided by 11.
9
Suppose 4*g = 5*h + 3, 3*g - 2*g + 13 = 4*h. What is the remainder when 48 is divided by g?
6
Calculate the remainder when 1 + (-974)/(-4) - (-2)/4 is divided by 62.
59
Let f = 6 + -3. Suppose 3*k - 259 = 4*r, -f*k + r + r = -251. What is the remainder when k is divided by 21?
18
Let p(k) = -1 + 1 - 4 - 5*k. Let h(v) = -v. Calculate the remainder when p(-4) is divided by h(-6).
4
Suppose b = y - 20, b = -y + 5 + 5. Let s = y - 0. Suppose -i + 7 = -1. What is the remainder when s is divided by i?
7
Suppose 13 + 20 = 3*g. Let d = g + -6. Calculate the remainder when 13 is divided by d.
3
Suppose -12 = -3*l - l. Suppose 0 = l*h + 2*h - 215. Calculate the remainder when h is divided by 11.
10
Suppose 0*q + 48 = -3*q. Let w = -11 - q. Suppose -5*s = 5*l + 15, 0 = 4*s - w*l + l - 28. What is the remainder when 3 is divided by s?
1
Let p = 7 + -5. Suppose -4*u + u = -3. Let x = u + 1. Calculate the remainder when p is divided by x.
0
Suppose 0 = b + 1 - 14. What is the remainder when 23 is divided by b?
10
Suppose -4*b + 13 = 5. Suppose -4*a + 11 = -o, 2*a + 9 - 1 = -4*o. Let l = a - -3. What is the remainder when l is divided by b?
1
Let n(s) = -s**2 - 6*s - 4. Calculate the remainder when 14 is divided by n(-2).
2
Let y(r) = -r**2 - 2*r. Let c be y(2). Calculate the remainder when 2 is divided by (-9 + 5)*2/c.
0
Let o = 23 - 5. Suppose 0 = 2*s + 3*s + 4*g - o, 0 = 5*g - 10. What is the remainder when 6 is divided by s?
0
Let f = -127 + 146. What is the remainder when 56 is divided by f?
18
Calculate the remainder when (-10)/(-25) - (96/(-10) + 3) is divided by 3.
1
Let u(c) = -c**3 - 4*c**2 - 4*c. Let s be u(-3). Let t be 558/(-12)*(-4)/s. Let a = -38 + t. What is the remainder when a is divided by 13?
11
Let f = 30 - 25. Suppose 3*r - 233 = -5*m, -f*m + 0 = 10. Calculate the remainder when r is divided by 21.
18
Suppose -3*w + 16 = 4*c - 7, -5*c = -w + 14. Calculate the remainder when w is divided by 3.
0
Let o = 634 + -624. Calculate the remainder when o is divided by 156/27 - (-2)/9.
4
Let h be 2/(-4) + 10/4. Suppose -h*d + 20 = -0*d. Calculate the remainder when d is divided by 4.
2
Calculate the remainder when 9 is divided by (12/(-14))/(4/(-28)).
3
Let p(g) = g**3 - 9*g**2 - g + 9. Let r be p(9). Let c(k) = 9*k**2 + r - 4 + 2 + k. What is the remainder when c(-2) is divided by 11?
10
Let g = -13 + 22. Let a(m) = -2*m - 3. Let p be a(-4). S